 z(h) = 3*h - 4. Let t(j) = -4. Let a(m) = t(m) - z(m). What is a(o)?
-6
Suppose -45 - 48 = 214*n + 121. Let h(b) be the first derivative of -13*b**4/4 - b**3/3 - b**2/2 - b + 1. Determine h(n).
12
Let t(p) be the third derivative of 7*p**4/24 - 70*p**3/3 - 1090*p**2 - 3. Give t(21).
7
Let z be ((-3)/2)/(3/(-90)). Let h be (-3)/5 + 252/z. Let t(i) = i**2 - i + 2. Let a(r) = -4*r**2 + r - 11. Let n(d) = a(d) + 5*t(d). Give n(h).
4
Suppose 3*c - c + 2 = 0. Let m be (0/c)/(((-20)/(-5))/(-2)). Let i(h) = h + 128 - 128. Give i(m).
0
Let l(q) = 4*q**2 - 16*q - 17. Let b be l(8). Let w = b + -119. Let m(t) = -t - 4. What is m(w)?
4
Let a(g) = -2*g - 32. Suppose -76 = 4*c - i, 4*c - 8*i + 13*i = -76. Give a(c).
6
Suppose h - 3*t + 41 - 59 = 0, 5*t = 2*h - 31. Let d(l) = -836*l**3 + 2 + 835*l**3 - h - 3*l - 4*l**2. Give d(-3).
-1
Let i(l) = 2*l**3 - 2*l**2 + 2. Suppose -67 = -h + 17*h - 51. What is i(h)?
-2
Suppose f - 5 = -v, -6*v + 3*v - 10 = -2*f. Suppose 90 = 20*m + 30. Suppose m*q + f + 13 = 0. Let j(k) = k**2 + 6*k - 3. What is j(q)?
-3
Let d(z) be the first derivative of -3*z + 0 - 49 + 44 + z**2. Determine d(3).
3
Let h(m) be the first derivative of m**5/120 - m**4/12 + 2*m**3/3 - 2*m - 106. Let k(i) be the third derivative of h(i). What is k(-5)?
-7
Let u(c) = -3 - 149*c**2 - 3*c - 150*c**2 + 301*c**2. Let a(x) = x**3 + 3*x**2 - 6*x - 5. Let b = 8 + -12. Let d be a(b). Calculate u(d).
6
Suppose 43 - 55 = -3*u - 4*b, u + 1 = -3*b. Suppose 3*r + 3 = 0, t + 12*r + 12 = u*r. Let p(z) = z + 6. Give p(t).
-2
Let l(d) = 3*d**3 + 12*d**2 + 14*d + 15. Let p(t) = -t**3 - t. Let k = 88 - 179. Let s = -92 - k. Let h(f) = s*l(f) - 2*p(f). Determine h(-11).
-4
Let z = 1876 + -1869. Let b(s) be the first derivative of -3/2*s**2 + z - s. Calculate b(1).
-4
Let i(f) = f**2. Let m be ((-330)/(-9) - 2)*54/(-36). Let u be ((2/6)/1)/(m/312). Determine i(u).
4
Let j(t) = -7*t + 78. Let i(v) = -7*v + 75. Let h(c) = 3*i(c) - 4*j(c). Let k be h(12). Let u(p) = p**2 + 2*p - 6. What is u(k)?
-3
Let y(r) = 23*r**3 - 90*r**2 - 204*r - 19. Let l(f) = 3*f**3 - 13*f**2 - 29*f - 3. Let j(a) = 15*l(a) - 2*y(a). What is j(-13)?
6
Let x = 8 - 3. Let i(u) be the second derivative of -1/6*u**3 - 2*u + 0*u**2 + 16. Calculate i(x).
-5
Let l(i) = 10*i - 11. Let o(n) = n + 6. Let j(g) = -2*l(g) - o(g). Calculate j(2).
-26
Suppose 0 = -2*x + w + 6, -4*w + 1 = -x + 11. Let g(h) = h**3 + 652*h + 65*h**2 - 653*h - 67*h**2 + 3. Calculate g(x).
1
Let y(u) = -u - 13. Let n be y(0). Let m be (-12 - n)*(-21)/(-1). Suppose -m = 2*j + 5*j. Let l(d) = d**2 + 5*d + 2. Calculate l(j).
-4
Let h be ((-40)/35)/(1/((-7)/2)). Let x(v) = v + 44*v**3 - 3*v + h - 86*v**3 - 4*v**2 + 41*v**3. Calculate x(-4).
12
Let m(u) = -u**3 + 274*u**2 - 9*u - 122*u**2 + 20 - 148*u**2. Determine m(3).
2
Let k(j) = -22*j + 3*j**2 + 24 - 49 - 12. Give k(9).
8
Suppose -20 = -2*o - 3*o. Let x be (-6)/(-4) + 9/(-6) + 17. Let i(v) = 6*v - v + 21 - 6*v - x. What is i(o)?
0
Suppose 10 = 4*i - 16*u + 13*u, 2*u = -5*i + 1. Let m(r) be the first derivative of -3*r**4/4 - r**3/3 + r + 22. What is m(i)?
-3
Let s(r) = -r**3 - 6*r**2 - r + 5. Let j(h) = h**2 - 7*h - 75. Let d be j(-6). Let l be ((-3)/9)/((-4)/(-20))*d. What is s(l)?
-15
Let m(z) = -z**3 + 6*z**2 - 6*z + 5. Let v be -85*(2 + (288/(-20))/6). Suppose 5*n - v = 3*w + 1, 2*n + 17 = -5*w. What is m(n)?
13
Let i(v) = -20 + 32 + 12*v**2 - 10*v**2 - 2*v - 2 - 13 + v**3. What is i(2)?
9
Suppose -5*q = 12*b - 14*b - 28, -5*q = -4*b - 26. Let g(n) = n**3 - 5*n**2 + 4*n + 1. What is g(q)?
61
Let z(w) = 15*w - 22. Let t = 15518 - 15515. Give z(t).
23
Let d(b) = -20*b + 10. Let j(u) = 31*u - 18. Let y(n) = 8*d(n) + 5*j(n). What is y(-6)?
20
Let a(d) = -3*d - 30. Let v be a(-12). Let k(s) = -55 + 0*s + 113 + v*s - 57. Suppose 0 = 5*z + 3*l - 9 + 4, -2*l = 0. Calculate k(z).
7
Let w = -8 + 9. Suppose v - 10 = -w. Let f(y) = 532*y + 5*y**2 - 525*y - y**3 + 3*y**2 + 13. Calculate f(v).
-5
Let o be 12/(-28) - 74/7. Let g be 6/(o - -5)*6*1. Let s(f) = -5*f - 5 + 0*f + 2*f. Calculate s(g).
13
Let f(d) = d**3 - 20*d**2 - d + 23. Let j = -61 - -81. Let y be f(j). Let x(q) = -10*q - 2. Calculate x(y).
-32
Suppose -27*x = -260 - 118. Suppose -586 = -x*i - 530. Let q(u) be the third derivative of u**6/120 - u**5/10 + u**4/8 - u**3 + u**2. What is q(i)?
-26
Let l(g) be the third derivative of -g**6/120 + g**5/15 + g**4/24 + g**3/6 + 2*g**2. Let r(j) = 5*j + 92. Let u be r(-15). Suppose -3*i + u = 5. Give l(i).
5
Let g(s) = -2*s**3 + s**2 + s. Let o(v) = -v**3 - 3*v**2 - 5*v + 1. Suppose 1095*f - 2 = 1093*f. Let w(z) = f*o(z) + 4*g(z). Determine w(1).
-8
Let m(h) = h**2 + h + 2. Let p be m(-2). Let a(b) = b**2 - 8*b + 10. Let l be a(7). Let u(i) = -4*i**2 + 2*i + l + 6*i**2 - 3*i - 4*i. Calculate u(p).
15
Suppose -21*y + 27*y = 42. Suppose k = -0*k + y. Let h(z) = z**2 - 8*z + 17. What is h(k)?
10
Let p(s) = 21*s + 4. Let w = -67 + 68. Let x(f) = 5*f - 1. Let l(c) = w*p(c) - 4*x(c). Determine l(-6).
2
Let t(b) = -b - 6. Let w be (-8)/(-64) - 31/(-8). Suppose 3*f + w*s - 13 = 7, -5*f + 3*s + 72 = 0. Let g be (6/4)/(3/f). Give t(g).
-12
Let a(u) be the third derivative of -41*u**5/60 + u**4/6 + u**3/6 + 7*u**2 + 295*u. What is a(1)?
-36
Let w(g) be the third derivative of g**4/24 + 13*g**3/6 + g**2. Let m be (1*47)/((-10)/(2 + -12)). Let x = 37 - m. Determine w(x).
3
Let n = 1394 - 1401. Let h(z) be the second derivative of z**3/3 + 5*z**2/2 + 4*z. Give h(n).
-9
Let h(n) = n + 8. Let y = 472 + -454. Give h(y).
26
Suppose 0*j = -5*j + 20. Let t(m) be the second derivative of -m**3/2 - 3*m**2/2 - 129*m. Calculate t(j).
-15
Let g(c) = -c. Let o(r) = -r**2 - 4*r. Let x(k) = -2*g(k) - o(k). Suppose 0 = -2*p - 8, -3*b + 2*p - 126 = 139. Let s = 86 + b. What is x(s)?
-5
Let y(p) = -2*p - 13. Let q(c) = 6*c + 2. Let s(x) = q(x) + y(x). Calculate s(0).
-11
Let y(x) = 3*x - 3. Let p(j) = j - 1. Let f(t) = 4*p(t) - y(t). Suppose 329 = -86*v + 133*v. Give f(v).
6
Let x(q) = -3*q**3 - 2*q**2 - 2*q. Let p(c) be the first derivative of 7*c**2/2 - 44*c + 44. Let n be p(6). Determine x(n).
20
Suppose -27*f - 4743 - 4761 = 0. Let o = f + 349. Let a(x) be the second derivative of -x**3/6 - 3*x**2/2 - x. What is a(o)?
0
Let s(b) be the second derivative of 17*b**3/6 + 238*b**2 - 7146*b. What is s(-28)?
0
Let u(p) = -78*p**3 + 190*p**3 + 3*p**2 - 113*p**3 - 2. Calculate u(4).
-18
Let x(h) be the first derivative of h**3 + 45*h**2/2 + 6*h - 1690. Give x(-15).
6
Let k(r) be the third derivative of -r**5/60 - 3*r**4/8 - 2*r**3 + 5*r**2. Let q be k(-7). Suppose n = 2*n + q. Let u(l) = 4*l. Calculate u(n).
-8
Let o = -100 - -109. Let x(j) = -132*j**2 + 63*j**2 + 68*j**2 + 8*j + 4. Calculate x(o).
-5
Let f(y) = -5*y + 2. Let l = 394 - 387. Let b(s) = 6*s - 2. Suppose 3*h - 12 = 0, 2*h + 15 = 4*c - 1. Let o(p) = c*b(p) + l*f(p). What is o(-5)?
-3
Let a(b) = -2*b**2 - 13*b - 12. Let u = 378 - 383. Determine a(u).
3
Let j = 10 - 5. Let t(f) = 13*f - 32. Let o(v) = 35*v - 88. Let u(l) = 3*o(l) - 8*t(l). Give u(j).
-3
Let m(r) = 11840 - 23687 + 11837 + 2*r**2 + 12*r. What is m(-8)?
22
Let x(w) = 29*w**3 - w**2 - 3*w - 2. Let q(o) = -166*o**3 + 6*o**2 + 20*o + 13. Let b(z) = -2*q(z) - 13*x(z). Determine b(1).
-45
Let w(b) = -2*b**2 - 20*b - 31. Let l be w(-9). Let i be (-3)/18 + l/(-6). Let h(p) = -25*p**2 - 35*p**2 + 59*p**2 + p**3 + 0*p**3 + i. Determine h(2).
6
Suppose -6*o = -10*o + 36. Let p(t) = 12*t**2 - o - 6*t**2 - 7*t**2 - 10*t. Give p(-8).
7
Let x(t) = 2*t**3 + 24*t**2 - 30*t + 14. Let y(c) = 2*c**2 - 3*c + 1. Let n(o) = -x(o) + 11*y(o). Calculate n(-2).
11
Let c(z) = 20*z - 498. Let i be c(25). Let v(k) = -2*k**2 + 6*k**2 + 0*k - 8 + 9 - k**3 + k. What is v(i)?
11
Let j(b) = -110*b + 54. Let q be j(3). Let a = -270 - q. Let o(m) = m**2 - 3*m - 11. Give o(a).
7
Let p(a) = 0 + 5 - 1 + 0*a**2 - a**2 - 3*a. Suppose -142 = -10*w + 58. Suppose 5*x + w = -0*x + s, -5*x + 4*s - 5 = 0. What is p(x)?
-6
Let r(y) = -5*y**2 + y + 7. Let k(j) = -j**3 - 27*j**2 + 324*j - 2. Let t be k(9). Calculate r(t).
-15
Let g(t) = 74*t - 65*t - 23*t - 34*t + 11. Determine g(1).
-37
Suppose -5*c = 3*f - 13 - 2, -4*f + 20 = 0. Let i(g) = 6*g + 8. Determine i(c).
8
Let n(s) = -26 + 312*s + 48 - 299*s + 135. Give n(-12).
1
Suppose -6*r = 6*y - 